{"id":575704,"date":"2025-06-05T05:12:59","date_gmt":"2025-06-05T12:12:59","guid":{"rendered":"https:\/\/www.genesys.com\/?post_type=events&#038;p=575704"},"modified":"2025-07-14T02:37:14","modified_gmt":"2025-07-14T09:37:14","slug":"genesys-partner-summit-iberia-2025","status":"publish","type":"events","link":"https:\/\/www.genesys.com\/es-mx\/events\/genesys-partner-summit-iberia-2025","title":{"rendered":"Genesys Partner Summit Iberia 2025"},"content":{"rendered":"","protected":false},"excerpt":{"rendered":"","protected":false},"author":744,"featured_media":0,"parent":0,"menu_order":0,"template":"","tax_priority":[],"tax_contenttheme":[],"tax_bundle":[],"tax_contenttheme2":[],"tax_capability_sitewide":[],"tax_products_programs":[],"tax_buying_job":[],"tax_buyer_persona":[],"tax_sector":[],"tax_segment":[],"class_list":["post-575704","events","type-events","status-publish","hentry"],"acf":{"hide_navigation":"false","hide_footer":"false","event_type":"industry","event_status":"ontime","event_start_date":"06\/19\/2025","event_location":"19 de junio, Madrid","event_venue_name":"El Puerto Centro de Eventos","country":"Spain","venue_map":{"address":"El Puerto Centro de Eventos, Avenida de Cantabria, Boadilla del Monte, Spain","lat":40.39591919999999,"lng":-3.8729927,"zoom":14,"place_id":"ChIJndJjjY-PQQ0RJx7m4ymV4NA","name":"El Puerto Centro de Eventos","street_number":"s\/n","street_name":"Avenida de Cantabria","street_name_short":"Av. de Cantabria","city":"Boadilla del Monte","state":"Comunidad de Madrid","state_short":"MD","post_code":"28660","country":"Spain","country_short":"ES"},"item_nav_hide":"no","utm_pass":false,"asset_expiration":"","enable_external_utm":false,"disable_chat":false,"enable_ab_test":false,"add_to_global_events":false,"disable_next_steps":false,"display_desc":false,"next_steps_type":"default","title_align":"left","ns_title":"","ns_subtitle":"","resource_next_steps":"","event_header_bgc":"orange","event_header_title":"Genesys Partner Summit Iberia 2025","event_description_title":"Un encuentro exclusivo para partners de Genesys","event_description":"","event_header_image":"https:\/\/www.genesys.com\/media\/Brand_full-width_email-header_19-copy-1900x800-px.png","disable_registration":true,"form_header_alignment":"center","form_header":"Reserva tu plaza","form_button":"Registro","is_external_registration":["External Registration"],"form_field_settings":["form_known","form_prefill","form_pp","cb_available","form_reach","nolazy"],"form_setup":{"events_field_config":"default","events_custom_fields":["fl_email","fl_firstname","fl_lastname","fl_company","fl_busphone","fl_country","fl_city","fl_jobfunction1","fl_joblevel1","fl_title","fl_website","fl_industry1","fl_levelofinterest1","fl_numberofagentsform1"],"additional_custom_form_fields":{"advance_fields":false},"cust_form_id":"","form_cid":"","multiple_cid":false,"multiple_cid_setup":[{"label":"Community Day Spain - 11 febrero 2025","cid":"","url":""},{"label":"Community Day Spain - 5 mayo 2025","cid":"","url":""}],"ar_status":"Event","ar_title":"default","ar_custom_title":"","ar_url":"default","ar_custom_url":"","custom_ty":""},"additional_form_content":"<p style=\"text-align: center;\">El registro para este evento est\u00e1 cerrado.<\/p>\n","disable_content_section":false,"event_content_template":"b1","event_title_group":{"title":"","sub_title":""},"media_content":{"select_media":"image","content_image":551145,"content_video":""},"text_content":{"sub_title_h4":"","text_content":"<p>Nos complace invitarte al <span data-taxi-style-rich-style-bold=\"{}\" data-rendering-method=\"normal\">Partner Summit Iberia 2025<\/span>, que celebraremos el pr\u00f3ximo<strong> 19 de junio en Boadilla del Monte, Madrid<\/strong>. Ser\u00e1 una jornada exclusiva para nuestros partners de Espa\u00f1a y Portugal, en un entorno pensado para compartir novedades, inspiraci\u00f3n y fortalecer nuestras alianzas.<\/p>\n<p>Contaremos con <span data-taxi-style-rich-style-bold=\"{}\" data-rendering-method=\"normal\">speakers de alto nivel de Genesys<\/span>, que presentar\u00e1n la estrategia de la compa\u00f1\u00eda, las novedades del programa de partners y las principales iniciativas de enablement. Adem\u00e1s, contaremos con la presencia del equipo comercial de Genesys Iberia y con dos de nuestros Alliance Partners: <strong>AWS <\/strong>y <strong>ServiceNow<\/strong>.<\/p>\n<p>Tambi\u00e9n nos acompa\u00f1ar\u00e1n <span data-taxi-style-rich-style-bold=\"{}\" data-rendering-method=\"normal\">cuatro de nuestros partners <strong>AppFoundry<\/strong><\/span> como sponsors del evento, que compartir\u00e1n sus soluciones e innovaci\u00f3n con todos vosotros: <a href=\"https:\/\/www.audiocodes.com\/es\"><strong>Audiocodes<\/strong><\/a>,<strong><a href=\"https:\/\/www.pcipal.com\/\"> PCI Pal<\/a> <\/strong>y <a href=\"https:\/\/veridas.com\/es\/\"><strong>Veridas<\/strong><\/a>.<\/p>\n<p>Cerraremos la jornada con un <span data-taxi-style-rich-style-bold=\"{}\" data-rendering-method=\"normal\">c\u00f3ctel <\/span>informal para seguir conversando y conectando en un ambiente distendido.<\/p>\n<p>\u00a1Te esperamos!<\/p>\n","cta_text":"","cta_url":""},"disable_agenda_section":false,"event_agenda_title":"Agenda","event_agenda_opened":"1","remove_agenda_nav":false,"event_agenda_nav":"","disable_speaker_section":false,"event_speaker_title":"","remove_speaker_nav":false,"event_speaker_nav":"","disable_venue_section":false,"remove_venue_nav":false,"event_venue_nav":"","enable_map":true,"disable_faq_section":false,"event_faq_title":"Preguntas frecuentes","event_faq_opened":"0","remove_faq_nav":false,"event_faq_nav":"","disable_sponsor_section":false,"event_sponsor_title":"Patrocinadores","remove_sponsor_nav":false,"event_sponsor_nav":"","disable_partner_section":false,"event_partners_title":"","event_partners_subtitle":"","remove_partners_nav":false,"event_partners_nav":"","event_partners_columns":"5","disable_additional_content_section":true,"additional_content_template":"a1","additional_content_position":"default","additional_title_group":{"title":"","sub_title":""},"additional_media_content":{"select_media":"image","content_image":false,"content_video":""},"additional_text_content":{"sub_title_h4":"","text_content":"","cta_text":"","cta_url":""},"nav_logo":false,"nav_form_text":"","disable_navigation_form_link":false,"event_date_format":"default","event_time_format":"H:i","event_hashtag":"","w_tycontent":"","meta_title":"","meta_description":"","no_index":false,"no_follow":false,"meta_twitter_title":"","meta_twitter_description":"","meta_facebook_title":"","meta_facebook_description":"","custom_canonical_url":"","external_registration_link":"https:\/\/forms.office.com\/Pages\/ResponsePage.aspx?id=nOZceM-Qx02ogurzEtHRXVMk5W-Lno5Knx8LpLu7RedUQlFUMkdORzMyTzhWWE5GRU5aQzhSVEJWRy4u","event_start_time":"15:00:00","event_link":"","get_started_config":"default","gsc_tab":false,"ics_button":["Add Calendar Buttons"],"event_agenda_group":[{"agenda_group_title":"","event_agenda":[{"agenda_date":"18\/06\/2025","agenda_tab_label":"","agenda_details":[{"agenda_title":"Registro","agenda_start_time":"15:00:00","agenda_end_time":"15:30:00","agenda_single_description":"","agenda_session_speakers":false},{"agenda_title":"Introducci\u00f3n Evento. WE ARE ALL CLIMBERS","agenda_start_time":"15:30:00","agenda_end_time":"15:50:00","agenda_single_description":"","agenda_session_speakers":false},{"agenda_title":"Mesa redonda Ventas y Canal","agenda_start_time":"15:50:00","agenda_end_time":"16:15:00","agenda_single_description":"","agenda_session_speakers":false},{"agenda_title":"App Foundry - PCI Pal","agenda_start_time":"16:15:00","agenda_end_time":"16:30:00","agenda_single_description":"","agenda_session_speakers":false},{"agenda_title":"Solution Consultants: No te lo puedes perder!","agenda_start_time":"16:30:00","agenda_end_time":"16:50:00","agenda_single_description":"","agenda_session_speakers":false},{"agenda_title":"AI customer experience","agenda_start_time":"16:50:00","agenda_end_time":"17:15:00","agenda_single_description":"","agenda_session_speakers":false},{"agenda_title":"App Foundry - Audiocodes","agenda_start_time":"17:15:00","agenda_end_time":"17:45:00","agenda_single_description":"","agenda_session_speakers":false},{"agenda_title":"BREAK","agenda_start_time":"17:45:00","agenda_end_time":"18:15:00","agenda_single_description":"","agenda_session_speakers":false},{"agenda_title":"Mesa redonda con AWS","agenda_start_time":"18:15:00","agenda_end_time":"18:30:00","agenda_single_description":"","agenda_session_speakers":false},{"agenda_title":"Mesa redonda con Servicenow","agenda_start_time":"18:30:00","agenda_end_time":"18:45:00","agenda_single_description":"","agenda_session_speakers":false},{"agenda_title":"App Foundry - Veridas","agenda_start_time":"18:45:00","agenda_end_time":"19:00:00","agenda_single_description":"","agenda_session_speakers":false},{"agenda_title":"AWARDS","agenda_start_time":"19:00:00","agenda_end_time":"19:15:00","agenda_single_description":"","agenda_session_speakers":false},{"agenda_title":"C\u00f3ctel de networking","agenda_start_time":"19:15:00","agenda_end_time":"21:30:00","agenda_single_description":"<p>Cerraremos la jornada con un c\u00f3ctel informal, pensado para que todos los participantes pod\u00e1is conoceros, intercambiar contactos y seguir la conversaci\u00f3n en un ambiente distendido.<\/p>\n","agenda_session_speakers":false}]}],"additional_agenda_content":""}],"event_faq":[{"faq_question":"\u00bfHay parking disponible?","faq_answer":"<p>S\u00ed, hay parking gratuito en el espacio. Indica tu matr\u00edcula y DNI al hacer el registro.<\/p>\n"},{"faq_question":"\u00bfPuedo reenviar la invitaci\u00f3n a otra persona de mi empresa?","faq_answer":"<p>Por motivos de aforo, las invitaciones son nominales. En caso de querer invitar a otra persona de tu equipo, comun\u00edcanoslo y comprobaremos la disponibilidad.<\/p>\n"}],"event_speakers":[{"speaker_name":"Luis Miguel Dom\u00ednguez","speaker_position":"Area VP, Iberia | ServiceNow","speaker_description":"","speaker_image":575708,"speaker_social":[{"social_site_link":"https:\/\/www.linkedin.com\/in\/luis-miguel-dominguez-8280742b\/"}]},{"speaker_name":"Mar\u00eda Eugenia Carbonell","speaker_position":"Head of Partner Sales France and Europe South | AWS","speaker_description":"","speaker_image":575705,"speaker_social":[{"social_site_link":"https:\/\/www.linkedin.com\/in\/maria-eugenia-carbonell\/"}]},{"speaker_name":"Gabriel Frasconi","speaker_position":"VP of Channel Sales EMEA | Genesys","speaker_description":"","speaker_image":576878,"speaker_social":[{"social_site_link":"https:\/\/www.linkedin.com\/in\/gfrasconi\/"}]},{"speaker_name":"Nicola Mazzucotelli","speaker_position":"VP Sales Italy & Iberia | Genesys","speaker_description":"","speaker_image":575710,"speaker_social":[{"social_site_link":"https:\/\/www.linkedin.com\/in\/nicola-mazzucotelli-466365b\/"}]},{"speaker_name":"Arantxa Palacio","speaker_position":"Country Manager, Iberia | Genesys","speaker_description":"","speaker_image":575711,"speaker_social":[{"social_site_link":"https:\/\/www.linkedin.com\/in\/arantxa-palacio-34b0376\/"}]}],"event_sponsor_tier":[{"sponsor_tier":"None","custom_tier":"","event_sponsors":[{"sponsor_name":"Audiocodes","sponsor_image":575713,"sponsor_url":"https:\/\/www.audiocodes.com\/es"},{"sponsor_name":"PCI Pal","sponsor_image":575714,"sponsor_url":"https:\/\/www.pcipal.com\/"},{"sponsor_name":"Veridas","sponsor_image":575715,"sponsor_url":"https:\/\/veridas.com\/es"}]}]},"_links":{"self":[{"href":"https:\/\/www.genesys.com\/es-mx\/wp-json\/wp\/v2\/events\/575704","targetHints":{"allow":["GET"]}}],"collection":[{"href":"https:\/\/www.genesys.com\/es-mx\/wp-json\/wp\/v2\/events"}],"about":[{"href":"https:\/\/www.genesys.com\/es-mx\/wp-json\/wp\/v2\/types\/events"}],"author":[{"embeddable":true,"href":"https:\/\/www.genesys.com\/es-mx\/wp-json\/wp\/v2\/users\/744"}],"version-history":[{"count":9,"href":"https:\/\/www.genesys.com\/es-mx\/wp-json\/wp\/v2\/events\/575704\/revisions"}],"predecessor-version":[{"id":582685,"href":"https:\/\/www.genesys.com\/es-mx\/wp-json\/wp\/v2\/events\/575704\/revisions\/582685"}],"wp:attachment":[{"href":"https:\/\/www.genesys.com\/es-mx\/wp-json\/wp\/v2\/media?parent=575704"}],"wp:term":[{"taxonomy":"tax_priority","embeddable":true,"href":"https:\/\/www.genesys.com\/es-mx\/wp-json\/wp\/v2\/tax_priority?post=575704"},{"taxonomy":"tax_contenttheme","embeddable":true,"href":"https:\/\/www.genesys.com\/es-mx\/wp-json\/wp\/v2\/tax_contenttheme?post=575704"},{"taxonomy":"tax_bundle","embeddable":true,"href":"https:\/\/www.genesys.com\/es-mx\/wp-json\/wp\/v2\/tax_bundle?post=575704"},{"taxonomy":"tax_contenttheme2","embeddable":true,"href":"https:\/\/www.genesys.com\/es-mx\/wp-json\/wp\/v2\/tax_contenttheme2?post=575704"},{"taxonomy":"tax_capability_sitewide","embeddable":true,"href":"https:\/\/www.genesys.com\/es-mx\/wp-json\/wp\/v2\/tax_capability_sitewide?post=575704"},{"taxonomy":"tax_products_programs","embeddable":true,"href":"https:\/\/www.genesys.com\/es-mx\/wp-json\/wp\/v2\/tax_products_programs?post=575704"},{"taxonomy":"tax_buying_job","embeddable":true,"href":"https:\/\/www.genesys.com\/es-mx\/wp-json\/wp\/v2\/tax_buying_job?post=575704"},{"taxonomy":"tax_buyer_persona","embeddable":true,"href":"https:\/\/www.genesys.com\/es-mx\/wp-json\/wp\/v2\/tax_buyer_persona?post=575704"},{"taxonomy":"tax_sector","embeddable":true,"href":"https:\/\/www.genesys.com\/es-mx\/wp-json\/wp\/v2\/tax_sector?post=575704"},{"taxonomy":"tax_segment","embeddable":true,"href":"https:\/\/www.genesys.com\/es-mx\/wp-json\/wp\/v2\/tax_segment?post=575704"}],"curies":[{"name":"wp","href":"https:\/\/api.w.org\/{rel}","templated":true}]}}

<p style="text-align: center;">El registro para este evento está cerrado.</p>

<p>Nos complace invitarte al <span data-taxi-style-rich-style-bold="{}" data-rendering-method="normal">Partner Summit Iberia 2025</span>, que celebraremos el próximo<strong> 19 de junio en Boadilla del Monte, Madrid</strong>. Será una jornada exclusiva para nuestros partners de España y Portugal, en un entorno pensado para compartir novedades, inspiración y fortalecer nuestras alianzas.</p>
<p>Contaremos con <span data-taxi-style-rich-style-bold="{}" data-rendering-method="normal">speakers de alto nivel de Genesys</span>, que presentarán la estrategia de la compañía, las novedades del programa de partners y las principales iniciativas de enablement. Además, contaremos con la presencia del equipo comercial de Genesys Iberia y con dos de nuestros Alliance Partners: <strong>AWS </strong>y <strong>ServiceNow</strong>.</p>
<p>También nos acompañarán <span data-taxi-style-rich-style-bold="{}" data-rendering-method="normal">cuatro de nuestros partners <strong>AppFoundry</strong></span> como sponsors del evento, que compartirán sus soluciones e innovación con todos vosotros: <a href="https://www.audiocodes.com/es"><strong>Audiocodes</strong></a>,<strong><a href="https://www.pcipal.com/"> PCI Pal</a> </strong>y <a href="https://veridas.com/es/"><strong>Veridas</strong></a>.</p>
<p>Cerraremos la jornada con un <span data-taxi-style-rich-style-bold="{}" data-rendering-method="normal">cóctel </span>informal para seguir conversando y conectando en un ambiente distendido.</p>
<p>¡Te esperamos!</p>

Introducción Evento. WE ARE ALL CLIMBERS

Cóctel de networking

<p>Cerraremos la jornada con un cóctel informal, pensado para que todos los participantes podáis conoceros, intercambiar contactos y seguir la conversación en un ambiente distendido.</p>

<p>Sí, hay parking gratuito en el espacio. Indica tu matrícula y DNI al hacer el registro.</p>

¿Puedo reenviar la invitación a otra persona de mi empresa?

<p>Por motivos de aforo, las invitaciones son nominales. En caso de querer invitar a otra persona de tu equipo, comunícanoslo y comprobaremos la disponibilidad.</p>

Luis Miguel Domínguez

María Eugenia Carbonell
